
What is the units digit of 2608304124?
4
What is the billions digit of 1356998307?
1
What is the units digit of 3376817910?
0
What is the tens digit of 49986525?
2
What is the hundred thousands digit of 879775264?
7
What is the hundreds digit of 4829816031?
0
What is the ten millions digit of 1566372032?
6
What is the units digit of 3084467551?
1
What is the hundred thousands digit of 93862828?
8
What is the ten thousands digit of 632610959?
1
What is the ten millions digit of 46662417?
4
What is the tens digit of 151077075?
7
What is the hundred thousands digit of 128961480?
9
What is the units digit of 16619306?
6
What is the hundred thousands digit of 678116754?
1
What is the units digit of 4264720470?
0
What is the ten thousands digit of 451766932?
6
What is the tens digit of 998293443?
4
What is the billions digit of 1834982545?
1
What is the thousands digit of 116414466?
4
What is the ten millions digit of 47668202?
4
What is the millions digit of 3881898203?
1
What is the tens digit of 3056037175?
7
What is the hundreds digit of 70694057?
0
What is the thousands digit of 1947431231?
1
What is the hundred millions digit of 1228752525?
2
What is the hundred thousands digit of 447480849?
4
What is the tens digit of 247701043?
4
What is the ten millions digit of 447678036?
4
What is the ten thousands digit of 44224742?
2
What is the hundreds digit of 11327235?
2
What is the thousands digit of 1902839479?
9
What is the hundred millions digit of 1375052157?
3
What is the units digit of 4104147563?
3
What is the tens digit of 162017870?
7
What is the hundred thousands digit of 1658197967?
1
What is the tens digit of 92979480?
8
What is the units digit of 2921599080?
0
What is the ten thousands digit of 2650064267?
6
What is the hundred thousands digit of 80657014?
6
What is the thousands digit of 18307568?
7
What is the millions digit of 1105443432?
5
What is the millions digit of 1112025017?
2
What is the tens digit of 1787096368?
6
What is the hundreds digit of 183385933?
9
What is the thousands digit of 92697750?
7
What is the millions digit of 57540078?
7
What is the hundreds digit of 154553436?
4
What is the ten millions digit of 318447460?
1
What is the millions digit of 244952685?
4
What is the hundred millions digit of 131885336?
1
What is the hundred thousands digit of 1825125419?
1
What is the ten millions digit of 461793942?
6
What is the hundreds digit of 2600648931?
9
What is the ten thousands digit of 41540169?
4
What is the tens digit of 135125474?
7
What is the units digit of 1724172481?
1
What is the thousands digit of 90091810?
1
What is the units digit of 97993032?
2
What is the ten millions digit of 582073370?
8
What is the ten thousands digit of 599379928?
7
What is the thousands digit of 21431733?
1
What is the hundred millions digit of 798117054?
7
What is the ten thousands digit of 35206159?
0
What is the ten millions digit of 536466308?
3
What is the hundred millions digit of 1880815744?
8
What is the ten millions digit of 1111122592?
1
What is the tens digit of 668866660?
6
What is the ten thousands digit of 96189787?
8
What is the millions digit of 1948056?
1
What is the thousands digit of 56057465?
7
What is the tens digit of 4939773618?
1
What is the millions digit of 1695980?
1
What is the millions digit of 32023327?
2
What is the tens digit of 1369872249?
4
What is the hundred thousands digit of 1200732745?
7
What is the ten millions digit of 526940069?
2
What is the ten thousands digit of 6459963666?
6
What is the hundred thousands digit of 2181259036?
2
What is the millions digit of 1714932670?
4
What is the tens digit of 116894521?
2
What is the thousands digit of 277310435?
0
What is the hundred millions digit of 154543668?
1
What is the units digit of 161017733?
3
What is the millions digit of 1743250188?
3
What is the thousands digit of 126013872?
3
What is the tens digit of 104631913?
1
What is the tens digit of 726326782?
8
What is the ten thousands digit of 940252350?
5
What is the tens digit of 479063648?
4
What is the hundreds digit of 2234027158?
1
What is the tens digit of 171252425?
2
What is the millions digit of 1443878576?
3
What is the ten thousands digit of 39926729?
2
What is the hundred thousands digit of 3834343076?
3
What is the millions digit of 6136730?
6
What is the hundreds digit of 44957336?
3
What is the ten millions digit of 36496657?
3
What is the ten millions digit of 239542109?
3
What is the tens digit of 25610979?
7
What is the thousands digit of 687944178?
4
What is the millions digit of 161532855?
1
What is the hundred thousands digit of 8359831191?
8
What is the millions digit of 157747882?
7
What is the hundreds digit of 20461463?
4
What is the ten millions digit of 236318246?
3
What is the hundred thousands digit of 25744787?
7
What is the millions digit of 756518693?
6
What is the units digit of 137391445?
5
What is the hundreds digit of 39229831?
8
What is the ten thousands digit of 349281930?
8
What is the hundred millions digit of 279809330?
2
What is the hundred millions digit of 241638805?
2
What is the tens digit of 945634937?
3
What is the units digit of 217562399?
9
What is the thousands digit of 15267367?
7
What is the ten thousands digit of 1105250811?
5
What is the units digit of 39314612?
2
What is the hundred millions digit of 675321887?
6
What is the units digit of 54907466?
6
What is the units digit of 433638465?
5
What is the units digit of 738909371?
1
What is the tens digit of 17978289?
8
What is the hundred millions digit of 155004385?
1
What is the thousands digit of 67546408?
6
What is the thousands digit of 4617987930?
7
What is the ten millions digit of 690952362?
9
What is the tens digit of 1161716826?
2
What is the tens digit of 1572218994?
9
What is the units digit of 97776268?
8
What is the hundred thousands digit of 573254345?
2
What is the thousands digit of 51813548?
3
What is the millions digit of 1647776?
1
What is the hundreds digit of 1384599924?
9
What is the ten thousands digit of 870087270?
8
What is the hundred thousands digit of 2515357747?
3
What is the units digit of 3289497283?
3
What is the thousands digit of 571948312?
8
What is the thousands digit of 2541610679?
0
What is the tens digit of 301160208?
0
What is the hundreds digit of 731754876?
8
What is the tens digit of 1992649369?
6
What is the ten thousands digit of 104845431?
4
What is the ten thousands digit of 65386044?
8
What is the ten thousands digit of 271753512?
5
What is the units digit of 1541449310?
0
What is the millions digit of 42196186?
2
What is the units digit of 846826818?
8
What is the millions digit of 746278962?
6
What is the hundred thousands digit of 289848035?
8
What is the ten thousands digit of 4785751777?
5
What is the thousands digit of 26703592?
3
What is the hundreds digit of 124319776?
7
What is the millions digit of 15756632?
5
What is the ten thousands digit of 931416452?
1
What is the thousands digit of 385695252?
5
What is the thousands digit of 422942238?
2
What is the units digit of 13843816?
6
What is the thousands digit of 48954203?
4
What is the ten millions digit of 2303215272?
0
What is the ten thousands digit of 35475656?
7
What is the thousands digit of 292474620?
4
What is the tens digit of 82099659?
5
What is the hundreds digit of 63690787?
7
What is the tens digit of 747243910?
1
What is the millions digit of 80876273?
0
What is the thousands digit of 81109247?
9
What is the millions digit of 469335060?
9
What is the tens digit of 410028552?
5
What is the millions digit of 770184698?
0
What is the hundreds digit of 46331889?
8
What is the hundred thousands digit of 422441594?
4
What is the millions digit of 25404224?
5
What is the hundred thousands digit of 18301419?
3
What is the hundred thousands digit of 126895617?
8
What is the units digit of 137110670?
0
What is the hundreds digit of 2101594811?
8
What is the ten millions digit of 62852252?
6
What is the thousands digit of 81978277?
8
What is the ten thousands digit of 301494891?
9
What is the hundred millions digit of 102483462?
1
What is the hundred millions digit of 973442202?
9
What is the units digit of 98253074?
4
What is the hundred millions digit of 761145109?
7
